l and 18.
18
Let b(w) = -2*w**2 - 21*w + 3. Let q be b(-9). Let i(k) = -16*k - 7. Let t be i(-3). Let p = t - q. Calculate the greatest common divisor of 22 and p.
11
Let i(p) = -3*p + 10*p + 9*p**2 - 4*p + 6*p - p**3 + 10. Let w be i(10). Suppose 8*o - 4*o - 4 = w. What is the highest common divisor of o and 7?
1
Suppose 24*x - 46*x = -1892. Calculate the greatest common factor of x and 2881.
43
Let m(s) = s**3 + 5*s**2 - 58*s + 27. Let x be m(6). Calculate the highest common divisor of 475 and x.
25
Let y be (0 + 2)*510/(-12 + 27). Calculate the greatest common factor of y and 2669.
17
Suppose 0 = -5*o + 87*h - 88*h + 978, -4*o + 790 = -3*h. What is the greatest common divisor of o and 1666?
98
Let n be 184*(672/66 - 10/55). Calculate the greatest common factor of n and 160.
80
Let h be ((-80)/150*504/(-32))/((-3)/(-10)). Calculate the highest common divisor of h and 4690.
14
Let x(u) = u**3 + 18*u**2 - 3*u - 33. Let v be x(-17). Let w = 357 - v. What is the highest common factor of 500 and w?
50
Let j(h) = -548*h - 6180. Let z be j(-12). Calculate the highest common divisor of z and 539.
11
Suppose 360 = 10*l - 4*l. Let o be 1/(-3) - (0 - (-146)/(-6)). Suppose -q + o + 0 = 0. Calculate the highest common divisor of l and q.
12
Let u be 4/(-2) - ((-30)/(-6))/(-5). Let c be 5 + 19 + u - 1. Calculate the highest common divisor of c and 110.
22
Let g(f) = 2*f**2 - 7*f - 57. Let m be g(7). Let x be (-380)/(-32) - (0 + 1/m). Calculate the highest common divisor of 132 and x.
12
Suppose 0 = -6*z + z - b + 934, -940 = -5*z + 5*b. Let p = -270 - -287. What is the greatest common divisor of p and z?
17
Let c(t) = 27*t - 1494. Let i be c(66). Calculate the greatest common divisor of i and 612.
36
Let u(h) = 27*h**3 + 2*h**2 + 3*h + 2. Let m be u(2). What is the highest common divisor of 136 and m?
8
Let c(g) = g**2 + 3*g - 15. Let p be 0*(4 + -5 + 0). Suppose -30*o + 25*o + 35 = p. Let z be c(o). What is the highest common divisor of z and 11?
11
Suppose 1705 = 2*l + 5*i, 2*l + 2089 - 3822 = -i. Calculate the greatest common factor of 261 and l.
87
Let d = 32 - 23. Suppose 0 = 14*s - 13*s - 6. Suppose -s*k = 2*k - 648. Calculate the greatest common factor of d and k.
9
Let s be 70600/36 - -1*(-2)/18. Calculate the greatest common divisor of 37 and s.
37
Let t = -8831 - -8849. Let h(g) = g**2 + 5*g + 6. Let f be h(-5). Calculate the highest common factor of f and t.
6
Suppose 0 = 8*i - 2 - 14. Suppose 4*y + 56 = i*w + 2*y, 3 = 3*y. Suppose 17 - w = -4*m. What is the highest common factor of m and 33?
3
Suppose 0*n = 2*n - 250. Suppose -3*v - 5*j + n = -j, 4*v = -j + 158. Let q = 5 + v. Calculate the greatest common divisor of q and 4.
4
Let x = -16186 - -16589. What is the highest common factor of x and 299?
13
Suppose -33356 = -4*o + 5*g, 0 = -4*g - 317 + 301. What is the greatest common factor of 18 and o?
18
Let b(p) = 2*p**2 - 26*p - 49. Suppose -3*g + 0*g = -60. Let z be b(g). Let x be (0 - 1)*(-5 + -2)*3. Calculate the highest common factor of x and z.
21
Suppose 8 = -l + 2. Let w be (-3)/(-18) + (-11)/l. Let i be (-2 - (-32 - (-2 - -4)))/w. What is the greatest common factor of 176 and i?
16
Let v be 15*((-1596)/20)/(-7). What is the greatest common factor of 279 and v?
9
Let q(h) = -10*h. Let d be q(7). Let k(z) = -z**3 + 35*z**2 + z + 42. Let f be k(35). Let u = f + d. What is the highest common factor of u and 28?
7
Suppose -f = -8*f - 63. Let w be (1 + (-3)/(-6))/(f/(-84)). Let c be (2 + 67 + 1)*1. Calculate the highest common factor of c and w.
14
Suppose -159*w + 98545 + 396581 = 0. Calculate the greatest common factor of w and 865.
173
Let s = 3 - -2. Suppose -5*t = 5*k + 15, -3 = k - 2. Let u be t/(-8)*(141 + -1). Calculate the highest common divisor of s and u.
5
Let x(a) = -a**3 + 7*a**2 + 9*a - 3. Let y be x(8). Let h be (-12)/(80/15 - 5). Let v be (-446)/(-18) - 8/h. What is the highest common divisor of y and v?
5
Suppose -105*v = -108*v + 48. Let x(t) = 2*t**2 + 6*t - 4. Let p be x(11). What is the greatest common factor of p and v?
16
Let g be (-4)/12 + 1886/6 - 3. Suppose -2*u + 670 = 5*j, -g - 70 = -3*j + 3*u. What is the greatest common factor of 33 and j?
33
Let j(v) = -30*v - 5. Let h be j(-4). Let o(z) = 10*z**2 + 41*z - 76. Let x be o(2). What is the highest common factor of x and h?
23
Suppose 19*c - 5*c = 70. Suppose 2*w = -2*i + 44, 50*i - c*w = 51*i - 38. What is the greatest common factor of 144 and i?
18
Let t = -11 - -11. Suppose 0 = -p - 2*u - 4 + 110, 3*p - 4*u - 328 = t. Let m be (-26)/(-2) + 9 + -10. Calculate the highest common divisor of p and m.
12
Let i(j) = 3*j**2 - 12*j - 18. Let u be i(-8). Suppose -u - 20 = -2*z. Let p(f) = -18*f + 4. Let g be p(-3). Calculate the highest common factor of g and z.
29
Suppose -33 = -h + 3*b, 46 = -3*h + 3*b + 115. Let q = -50353 + 50355. Calculate the highest common divisor of h and q.
2
Let n be (-1)/(102/18 + -6). Suppose 8*j - 10*j = c - 85, -2*j = -n*c + 215. What is the greatest common factor of 975 and c?
75
Let p = 61 - 54. Suppose 0 = 4*o - p - 9. Suppose -2*c = -o*h - 14 - 26, c + h - 23 = 0. What is the greatest common factor of 2 and c?
2
Let x be (12/3)/((-8)/(-14)). Suppose -x*w + 157 = 59. Calculate the highest common divisor of 14 and w.
14
Let y(q) = q**3 + 4*q + 80. Let m be y(8). What is the highest common factor of m and 96?
48
Let m(w) = -2951*w + 1092. Let t be m(-6). What is the highest common factor of t and 78?
78
Let u(a) = 120*a**2 + 112*a**2 + 118*a**2 - 76 + 3*a - 349*a**2. Let j be u(-20). Calculate the greatest common divisor of 24 and j.
24
Let z(k) = -3*k**2 - 4*k + 4. Let d be z(3). Let y be 1 + 0 + 3 - (-79 - -90). Let q be (-890)/d + y + 8/14. Calculate the greatest common divisor of q and 38.
19
Suppose 29*a + 260 = 42*a. Calculate the greatest common factor of a and 3490.
10
Suppose 2454 = 16*x + 2166. Calculate the greatest common divisor of x and 672.
6
Suppose 8*s - 1305 = -3*s + 15. What is the greatest common factor of s and 42960?
120
Let r(o) = -o**3 - 2*o - 7. Let q be r(-4). Let w(u) = -28*u + 74. Let a be w(8). Let d = -124 - a. What is the greatest common factor of d and q?
13
Suppose 3*v - 8 = 5*v. Let x = 822 + -842. Let y be (3 + v)/(2/x). What is the greatest common divisor of 25 and y?
5
Let m be -5 + 40/192*4*78. Calculate the highest common factor of m and 1215.
15
Suppose -3*w = 2*s + 27, 2*s + 5*w + 52 = 7*w. Let y(r) = -4*r**2 - 87*r - 23. Let x be y(s). What is the greatest common factor of x and 30?
10
Let u(d) = -16*d - d**3 - 2*d**2 - 1551 + 757 + 747. Let y be u(-4). What is the highest common divisor of y and 147?
49
Let f be 172/(-5 + -1 + 5). Let o = f + 244. Suppose -6*l = -2*l - 36. Calculate the greatest common factor of l and o.
9
Suppose 7*w - 10*w = -5*a + 3360, 4*w + 2016 = 3*a. Suppose -14*x + a = -7*x. Calculate the greatest common divisor of 6 and x.
6
Suppose 0 = 28*k - 47*k + 7581. Calculate the highest common divisor of 126 and k.
21
Suppose -2*a + g = -609, -4*a + 9*a = -5*g + 1515. Calculate the greatest common divisor of 494 and a.
38
Suppose 3*g = -5*x - 1004, 4*x = 4*g - 310 - 506. Let p = x + 211. Calculate the greatest common divisor of 288 and p.
9
Let g(o) = -o**2 - 57*o + 10. Let f be g(-7). What is the greatest common divisor of f and 280?
40
Let j = 220 - 103. Let q be j/1 - (-11 - -12). Let o = q - -38. What is the greatest common divisor of o and 22?
22
Suppose 5*x + 7 = 4*g - 5, -4*x - 9 = -3*g. Suppose x = 3*f - 3*r - 1461, -5*f - 19*r + 2475 = -16*r. Calculate the greatest common factor of f and 24.
12
Suppose -93 = -3*z - 72*g + 70*g, 4*g = 4*z - 164. Suppose -c + 20 + 8 = 0. Calculate the highest common divisor of c and z.
7
Suppose -12*r + 3*r = -18. Suppose 0 = 5*b + t + 4*t - 160, r*b - 3*t - 49 = 0. Suppose 286 = 4*y - 526. What is the greatest common factor of b and y?
29
Let r be (-40)/6*3/(-1). Suppose 68 = 4*t + r. Suppose 0 = -t*f + 210 + 54. What is the greatest common factor of f and 77?
11
Suppose -20*o + 25*o = -5*m + 44635, 3*o - 3*m - 26787 = 0. What is the greatest common factor of o and 16?
16
Let v(o) = 166*o - 384. Let l be v(3). Let r(m) = -12*m - m + 7 + 13 - 9. Let i be r(-5). Calculate the highest common divisor of l and i.
38
Let g(o) = 19*o - 55. 